 -108 - (-4 - (-3 - 5) - (-77 - -74)).
-115
Calculate 20713 - 20668 - (99 - 0).
-54
What is the value of -16 + -1 - (195 + -199 + 60)?
-73
Calculate -3 + 1 - 5 - (2 + 40 + -17 - -12).
-44
What is the value of -13 + 0 + 2 + (52 + -206 - -235)?
70
What is 7 - ((-7 - -8) + -3) - (-147 + 195)?
-39
Evaluate (166 - 12) + -367 + 276.
63
Evaluate 3 - (23 - 13 - (-31 + (7 - 5))).
-36
Calculate -6 - (17 + -17 - 6 - -3) - -9.
6
Calculate (531 + -503 - (-2 - 1)) + -13.
18
Evaluate 70 + (-25 - 19) - 46.
-20
Calculate -62 - (6 - 9) - -1 - -16.
-42
Evaluate 105 - -1 - (-1 + -1 + (-20 - -9)).
119
Evaluate (-157 - -82) + 81 - 95.
-89
3114 + -3105 + (-11 - 0 - (0 - -1))
-3
Calculate -30 - ((-6 - 24) + -37).
37
What is -28 + 2 - (-169 + -113 + 205)?
51
4 - -12 - ((-16 - -106) + -17)
-57
15 + -42 - (-17 + (29 - 4) - (17 + 0))
-18
726 - 728 - (6 + -1 - (2 - (4 + 2)))
-11
-82 + (-55 - 47 - -96)
-88
What is the value of 39 + (-21 - 0) + -51 + 83?
50
-238 + 250 + 6 + -12
6
What is the value of 5 + (-6 - 16) + (50 - 23) + 58 + 1?
69
What is the value of 7 + 2 - 9 - (3 + -1) - (100 - 111)?
9
What is the value of (-56 - (4 + -15)) + (22 - 2)?
-25
What is the value of 63 - (-532 + 571 - (79 - 3))?
100
Evaluate (5 + -31 + 16 - -18) + 29.
37
Evaluate (56 - 28) + (-31 - (-5 - -1)).
1
Calculate 22 + (-61 - -18 - -10) + 12 + -2.
-1
What is -3 + (-3 - -3) - (-5 + 19 + -83 - -9)?
57
What is the value of (1716 - 1654) + (-4 - -9)?
67
What is 54 - (-5 - (-4 - -14 - -3 - 33))?
39
Evaluate 30 - (36 + -30 + 60) - (-15 + 2).
-23
Evaluate 16 - -102 - 49 - 60.
9
What is -60 + -11 + 61 - -164?
154
Evaluate (-8 + -13 + 15 - 13) + -44 - 3.
-66
What is -9 + -8 - (-80 - -31 - 8)?
40
Calculate -4 - (36 + -5) - (81 - 97).
-19
What is 3 + -16 + (19 - (-78 - -80))?
4
Calculate 40 + (-2 - 35) + -28.
-25
Evaluate 4 + 2 - 7 - 57 - (-39 + 111 + -72).
-58
What is (-55 - (0 - -1)) + (204 - (-63 - -275))?
-64
Calculate -35 + 0 + -14 - -52.
3
Calculate (0 - -3 - (-557 - -561)) + 33.
32
-28 + (14 - 2 - 5) - (-7 - (16 - 13))
-11
-608 + 599 - (11 - 4 - 0)
-16
What is 172 + -38 + -224 + -62?
-152
Calculate -48 - (-13 - (48 - -7)).
20
Calculate 8 + (-4 - (31 + -15 - 14 - (8 + 5))).
15
(5 + (-19 - -4) - -106) + (-8 - (3 - 4))
89
-36 - 16 - (22 - 92)
18
What is (-40 - (203 - 93)) + 64?
-86
What is 1 - (5 - (8 + 7 + -16 + 5 - 1))?
-1
Calculate 0 - -22 - 22 - -34 - -12.
46
-19 - (-64 + (17 - (7 + 15)) + 10)
40
-375 + (-299 - -662) + 11 + 1
0
What is -10 - -7 - -7 - (-20 + (6 - 0) + 9)?
9
What is -36 + 77 - ((-7 - -8) + -4 + 4)?
40
What is the value of -137 - -98 - (-4 + -2 - (-10 - -1))?
-42
What is the value of -3 - -3 - (-12 - 1) - (-1 + -34 - -26)?
22
What is (2 - 131) + (-1771 - -1861)?
-39
Evaluate (-8 - (-4 + -2)) + -13 + 3 + 45.
33
What is the value of 51 + -64 + 1 - -13 - (-5 + 2 - -2)?
2
What is the value of 21 + (-10 - (12 - 20)) - 24?
-5
Evaluate -90 - 0 - (-492 + 280).
122
Evaluate (35 - 37) + 2 + (5 - 3) + 103 + -63.
42
What is -42 + 117 + 71 - 3?
143
What is 43 + (17 - (-11 + (47 - 23)))?
47
Evaluate -20 + (9 + (3 - (2 + -3)) - 7) + 4.
-10
What is -631 + 601 + -1 + 10 + 91?
70
What is (7 - 19) + 14 - (-1 + 11 + 3)?
-11
Evaluate -5 - (-22 - (-26 - -22 - 76)).
-63
What is -45 + -8 + 9 + -9 + 2 + 6?
-45
What is 40 + (7 - 47 - -16)?
16
-33 + (19 - -26) - -29
41
Evaluate 0 + (-13 - (112 - 72)).
-53
What is (5 - 7 - 0) + (12 + -43 - (19 - 7))?
-45
Evaluate -4 + (-8 - (-10 + -24)) + -17 - -7.
12
What is 30 + -11 + 20 + 9 + -16 + 0 + -25?
7
What is -74 - (-50 - (26 - 33))?
-31
Calculate 56 + -2 + (250 - 137 - 97).
70
Evaluate 1 + 3 + (-6011 - -6059).
52
What is the value of 73 + 26 - (340 + -213)?
-28
Calculate (-131 - -120) + (14 - (-1 + 4 + -1)).
1
What is the value of (0 - -2 - -6) + -95 + (-31 - -48)?
-70
What is 9 - 13 - ((2 - 19) + (1 + 7 - -3))?
2
What is the value of 10 + 38 + -101 - -14?
-39
What is the value of 84 - 4 - (-44 - (0 + -73))?
51
Calculate 187 + (128 + -302 - -82).
95
Calculate 292 + -229 + -63 + 94.
94
Evaluate 95 + (1 - (38 - -10)).
48
(2 + -11 - -21) + (-101 - -59)
-30
Calculate 646 + -609 + (3 - 4) + 25.
61
-1 - -22 - (-170 + 163)
28
(-6 - -5) + 27 - -30
56
-80 + 82 + 52 + -4
50
What is the value of (-55 - 0) + (755 - 699)?
1
Evaluate -25 + 14 - (-49 + 82) - 40.
-84
What is the value of 2 + -95 - ((-31 - -3) + 100 + -86)?
-79
37 + 1 + (321 - 312)
47
Evaluate -68 - (134 + -105) - (-4 - 2).
-91
-28 + (-2 - -3) + 874 + -838
9
(40 - 188 - -46) + 42
-60
What is (-1480 + 1474 - (-1 - -1 - 6)) + 65?
65
Calculate -11 + 23 + (10 + 11 - 46).
-13
Evaluate -27 - (-64 - (-29 + -56)).
-48
Evaluate -64 - 4 - (870 - 828).
-110
What is -66 + (70 - 55) - (2 - 25)?
-28
(0 - 12) + 0 + -13 - (7 - 4)
-28
What is 40 + (32 - 2) + -53 + -4?
13
What is the value of -2 - (-63 - (42 + -64))?
39
Evaluate (-262 - -275) + (3 - -26).
42
Evaluate (-5 - -3 - 3) + (15 - (71 - 68)).
7
-6 + (-17 + 65 + -7 + 19 - 10)
44
What is the value of (-1 - -11) + (-6869 - -6769)?
-90
What is the value of -68 - (1 + -15 + (-36 - -36)) - -5?
-49
Calculate 1 + (2 - (-7 + 1)) + (-17 - -51) + 18.
61
-10 + -5 + (126 - 205)
-94
What is the value of (-93 - -35 - 48) + 127?
21
Calculate 45 - ((9 - -2 - 15 - -22) + -9).
36
Calculate (1 - 19) + 0 - ((-1 - 19) + 7).
-5
What is (-3 + 18 - 17) + 19 + -1 + 12?
28
(-5 - 90) + -2 - (-782 + 756)
-71
Calculate -37 - (-9 + (-28 - 3 - 63)).
66
Evaluate -28 + (98 - 38 - 25).
7
What is 59 + 4 + 1 + (-33 + -2 - -33)?
62
What is the value of 3552 + -3549 + (1 + 17 - (4 + 1 - 8))?
24
Evaluate -59 - ((-2 - 2) + -95).
40
-13 + 44 + -15 - 19
-3
(2 - 2 - 3) + (-3 - (3 + -5 + 2))
-6
Evaluate -1 + 4 + -2 + -3 + -62 + 54 + -43.
-53
Calculate 0 + (-24 - (2 + -2)) + (31 - (-7 + 36)).
-22
What is -18 + -52 + (-6 + 4 + -1 - -8 - -1)?
-64
What is the value of 1 + 59 - (-2070 + 2072)?
58
Calculate -11 - (-4 - (-21 - -2) - (-12 - -53)).
15
Calculate -876 + 986 + (1 - -22) - (18 + 2).
113
What is the value of 11 - (0 + 3 + -32 + 119 + 18 + 0)?
-97
(15 - (-14 + 13)) + -23 + (1 - 1) + 44
37
-51 + 8 + (-62 - -53)
-52
Evaluate (0 - -53) + (-57 - -59) + 2 + -9.
48
Evaluate 8042 + -8154 + -4 + (28 - 1).
-89
Calculate 9 + -11 + (18 - 29).
-13
What is (-143 + 130 - 14) + (0 - (1 + 10))?
-38
Evaluate 42 - (-7 + -16 + 49).
16
(25358 - 25363) + (-1 - (-1 + -34))
29
Evaluate (13 - (-15 + 9 + -12)) + (3 - 0).
34
Calculate -6 + 31 + 7 + 34 + -19.
47
What is the value of -87 - (12 - ((-11 - 2) + (-8 - -16) - -21))?
-83
What is 503 + -448 - (40 + -1)?
16
Calculate 92 + -87 + 23 + (14 - 13).
29
2 + 0 - (-15 - -21) - (-43 + 111)
-72
What is the value of 35 + (87 - 112) - (6 - (1 + 1))?
6
What is 2 + -32 - -18 - -13 - -13 - 4?
10
What is -6 - 23 - (29 + -57 - -28)?
-29
(-3 - -4) + -47 - (-17 - (-30 + 22))
-37
What is the value of (5 - (-21 + 4 + 14)) + -32?
-24
What is the value of -5 + (-6 - (5 + -6)) - (143 + -153)?
0
Calculate 0 - 5 - (-107 + 78) - 82.
-58
What is -22 + (23 + -8 - (-50 - -9))?
34
What is -2 + (-7 - ((8 - (10 + -7)) + -41))?
27
-106 + 9 + -6 + 10 + 0 + 8 + -8
-93
Evaluate 22 - -26 - 46 - 3.
-1
What is the value of -4 - 0 - (126 + -61 - 56) - -52?
39
What is the value of -1 + 4 + -11 + (1 + 2 + -11 - -51)?
35
What is the value of -1 + -95 - (-2635 + 2401)?
138
What is -1 - -7 - (5 - 4 - -8) - -15?
12
What is the value of 133 + (-7 - -13 - 91)?
48
-99 + 72 + -119 + 150
4
What is the value of -1 + (11 - (10 - 5)) + 86 + 48?
139
What is the value of 177 + -183 + -1 + -20?
-27
Calculate (8121 - 8138) + (3 - 0 - 1 - 84).
-99
What is the value of 1 - (11 - (-21 + 56)) - 14?
11
-22 + -1 - (20 - 46)
3
Calculate (11 + (9 - 13) - (1 - -18)) + 2.
-10
What is 62 + -2 - (-1432 + 1533)?
-41
(-3 - -17 - 2) + -381 + 398
29
8 + -1 + 9 + (478 - 463)
31
Evaluate -96 + (-16 - (-199 - 2)).
89
What is the value of (-27 - 14) + (84 - 29)?
14
Calculate -5 + 9 + 12 - (19 - 2).
-1
What is the value of (-104 + 106 - (-4 + 17)) + (-16 - 25)?
-52
Evaluate -106 + (-82 - 54 - -125).
-117
Calculate -70 + 52 - (-36 - -8) - -56.
66
What is the value of 24 - (12 + 0 - 0 - 19)?
31
Evaluate -84 - (-67 - -80) - (4 - (0 + 9)).
-92
(9349 - 9344) + -101 + 2
-94
1 + 0 + 0 + 2 - (1888 - 1885)
0
Calculate 7 - (-23 + (-3 - (-9 + -2 + 9)) - -11).
20
What is (1 - 33) + -3 + (3 - 4)?
-36
What is the value of (-5 - -8 - ((-2 - 5) + 2 + -3)) + 10?
21
What is (-2